c). Determine l(h).
-7
Let g(y) be the third derivative of y**8/20160 + y**7/1260 + y**6/360 - y**5/20 - y**2. Let m(f) be the third derivative of g(f). What is m(-3)?
-1
Let l(y) be the third derivative of -y**8/20160 - y**7/720 - 7*y**6/720 - y**5/15 + 5*y**2. Let b(r) be the third derivative of l(r). Calculate b(-5).
3
Let d be (-1 - 6) + (-2 - -2). Let n(k) = -k**2 - 6*k + 6. Let t be n(d). Let i(j) = 13*j + 5. Let u(c) = 12*c + 4. Let b(a) = 5*i(a) - 6*u(a). Give b(t).
8
Suppose -3*p - s - 4*s + 7 = 0, -12 = -2*p + 4*s. Let o(m) be the second derivative of 3*m + 5/6*m**3 - 3/2*m**2 + 0 + 1/12*m**p. Give o(-6).
3
Let g(r) = -5*r**3 + 2*r**2 - 9*r + 21. Let h(a) = 12 - 2*a**3 - 4 + 2 + a**2 - 4*a. Let w(p) = 3*g(p) - 7*h(p). Determine w(0).
-7
Let a(t) = -t**3 + 6*t**2 + 7*t + 4. Suppose 2*j = j + 10. Suppose -4*q + g = -29, -2*q + 0*q + j = 4*g. Calculate a(q).
4
Let t(l) be the first derivative of -l**2/2 - 5*l + 6. Determine t(-6).
1
Let n(z) be the first derivative of -z**4/4 - 4*z**3/3 + 3*z - 3. Give n(-4).
3
Let d(j) = -j + 3*j - 7 + 0*j**3 + 5*j**2 - j**3. Suppose 6*g - 95 = -13*g. Give d(g).
3
Let k(u) be the third derivative of u**5/60 - u**4/8 + u**3/6 - u**2. Let y(a) = -2*a**3 - 19*a**2 - 8*a + 11. Let f be y(-9). Determine k(f).
-1
Let j(d) = 2*d**3 + d**2 - 1. Let h be j(-2). Let i = -7 - h. Let q = i + -8. Let r(z) = z**3 + 2*z**2 + 2. Give r(q).
2
Let h(c) = c - 2. Let g(p) = -2. Let o(b) = 3*g(b) + 2*h(b). Let t(u) = u**2 - 2*u - 1. Let a be t(-2). Calculate o(a).
4
Let c(b) be the third derivative of -b**5/60 - b**4/3 + 2*b**3 - 2*b**2. Let u be c(-9). Let t(h) = -h**3 + 2*h**2 + 3*h + 1. Determine t(u).
1
Let t(b) = 5*b + 4. Let h = -20 - -16. Determine t(h).
-16
Let i(u) = u**2 + 3*u + 2. Let h = -1 - -5. Suppose b + h*b + 10 = 0. Let j be i(b). Let r(x) = x**2 - x + 8. Give r(j).
8
Suppose 0*s = -3*s. Let y(z) = 7*z**2 + 8 + 4*z - 4*z - z**3 - 6*z**2. Calculate y(s).
8
Let p be (-12)/9*(42/4)/7. Let m(l) = 3*l - 1. What is m(p)?
-7
Let m(a) = a**2 + 2*a + 3. Suppose -4*j - 12 = -7*j. Let x = j + -6. Determine m(x).
3
Let b = 1 + -9. Let x = 4 + b. Let m(g) be the third derivative of g**6/120 + g**5/12 + g**4/8 + g**3/3 + g**2. What is m(x)?
6
Let c(p) = -8*p**3 - 4*p**2 - p**2 - p + 7*p**2. Suppose -3 = 3*x + 2*z, -x - 2*x - 6 = 3*z. Give c(x).
-7
Let h(s) = -4 + s**3 - 4*s - 3*s**2 - 3*s + 4*s. Suppose -2*d = 3*d + 50. Let m be ((-20)/(-25))/((-2)/d). Determine h(m).
0
Let t(j) = -4*j**2 + 3*j - 1. Suppose -6*h - 4 = -16. Calculate t(h).
-11
Suppose 5 = 2*y + 3*y. Let j(d) be the second derivative of -7/6*d**3 - 1/2*d**2 + 0 + d. Determine j(y).
-8
Let m(v) = -v + 9. Let n = 10 + -3. What is m(n)?
2
Suppose -s = s + 6. Let t(z) = -z**3 - 2*z**2 - 3. Give t(s).
6
Let a(b) = -b**2 + 10*b - 10. Let j = 41 - 33. Calculate a(j).
6
Let z(i) = -3*i. Let h(m) = m**3 - 4*m**2 - 5*m + 1. Suppose -4*k + k + 15 = 0. Let u be h(k). What is z(u)?
-3
Let v(h) = 5*h. Let c be v(1). Let z be (0/2)/((-1)/(3 + -2)). Suppose -c*l + l + 8 = z. Let x(j) = -j**2 - j - 2. What is x(l)?
-8
Let i(f) = f**3 - 2*f + 1. Let p(h) = -2*h. Let s(v) = -v. Let r be s(-1). Let y be p(r). Give i(y).
-3
Let j(z) = -z**3 - 8*z**2 - 7*z - 3. Let c be j(-7). Let k(q) = -q**2 - 4*q - 3. Calculate k(c).
0
Let z(y) = y. Let b = -41 - -36. Give z(b).
-5
Suppose 3*b = 8 + 1. Let x(k) = -k**3 + 4*k**2. Give x(b).
9
Let h(z) be the first derivative of -z**4/4 - z**3 + z**2 - 4*z + 9. Let v = -11 - -7. What is h(v)?
4
Let s(i) be the first derivative of i**2 - i - 17. Calculate s(-3).
-7
Suppose 2*l + b - 2 = -0*b, b = 3*l + 2. Let j(d) = 2*d + 15. Let k(f) = -f - 8. Let v(a) = -4*j(a) - 7*k(a). Give v(l).
-4
Let u(b) = b**3 + 1. Let f(h) = h**3 - 14*h**2 + 12*h - 2. Let v be f(13). Let x = v + 14. What is u(x)?
0
Let r be (-1)/(-3) + 13/(-3). Let m(b) = b**3 + 5*b**2 - 7*b - 4. Let s be m(-6). Let c(x) = 2 - x**2 + 2*x**2 - 5*x**2 + 3*x**s - 3*x. Determine c(r).
-2
Let k(x) = x**3 + 5*x**2 - 2*x - 6. Let d be 3/(12/(-32)*2). What is k(d)?
18
Let l(y) = -y - 5 + 2 + 2. Calculate l(6).
-7
Let y(u) be the second derivative of 7*u**3/6 - 17*u**2/2 - 3*u. Let b(j) = 11*j - 26. Let o(v) = 5*b(v) - 8*y(v). Determine o(3).
3
Let l(j) = -7*j + 11. Let x be l(4). Let r(y) = -7*y**3 - 9*y - 7. Let f(z) = -20*z**3 + z**2 - 26*z - 20. Let v(p) = x*r(p) + 6*f(p). Calculate v(4).
19
Let o(p) = p + 5. Let i be o(-6). Let c(h) be the second derivative of 0*h**2 + 2*h + 0 + 7/6*h**3. Calculate c(i).
-7
Let a(q) = -15*q + 3. Let l(d) = -15*d + 2. Let r(j) = -22*j + 3. Let x(w) = -7*l(w) + 5*r(w). Let u(v) = 4*a(v) - 11*x(v). Let t = -2 - -4. Calculate u(t).
-9
Suppose 2*t = 5*t - 15. Let q(g) = -g**3 + 4*g**2 + 5*g + 7. Determine q(t).
7
Let l(w) = -w - 5*w + 3*w + 0*w - 2 + w**3. What is l(-2)?
-4
Let o(a) = -a**2 - a - 6. Suppose -p - p = -6. Let b = 3 - p. Give o(b).
-6
Let a(b) = -8*b + 3. Let k be ((-13)/(-4) - 1) + 2/(-8). Calculate a(k).
-13
Let j(t) = -t**3 + t**2 - t - 4. Let d be (0 + (-1 - -1))/(-2). What is j(d)?
-4
Let f(y) = -y**2 + 4*y + 3. Let q = -23 - -28. What is f(q)?
-2
Suppose -5*z + 0*z + 8 = -t, 4*t = -z + 10. Let d(p) = 3*p - 9. Let m(n) = n - 3. Let o(l) = 3*d(l) - 8*m(l). Calculate o(z).
-1
Let h(b) be the third derivative of b**4/6 - b**3/2 + b**2. Let z(k) = -k**2 + 6*k + 7. Let r be z(7). Suppose 0 = d - r*d - 2. Calculate h(d).
5
Let x(n) = -95*n + 47*n + 42*n. Determine x(2).
-12
Let b = 9 - 7. Let w(j) be the first derivative of 1/3*j**3 - 2*j - 1/2*j**2 + 1. Calculate w(b).
0
Let c(a) = 7 + a - 4 - 4 + 3*a. Suppose -5 + 2 = -3*q. What is c(q)?
3
Let t(j) = 5*j - 7*j - 5 + 6*j. Calculate t(4).
11
Let u = -1 - 1. Let f = 4 + u. Let n(t) = t**3 - 4*t**2 + t + 1. Determine n(f).
-5
Let k(d) = 2*d + 1. Let p(c) = 1. Let r(x) = k(x) - 2*p(x). What is r(-1)?
-3
Let f(c) be the first derivative of -c**2/2 + c - 43. Let k(i) = i - 1. Let r be k(1). Suppose r = -0*t - t. Give f(t).
1
Let y(u) = -7*u**2 - 5*u + 11. Let k(z) = -3*z**2 - 3*z + 5. Let x(s) = -5*k(s) + 2*y(s). Determine x(-6).
3
Let i(o) be the second derivative of o**5/20 + o**4/2 - 4*o**3/3 - 4*o**2 - 10*o. Determine i(-7).
-1
Let b(q) = -10 + 0*q + 5*q - 2*q + 14. Calculate b(6).
22
Let d(g) = 3*g**2 - 2*g. Let i be d(2). Let w(q) = -q**3 + 7*q**2 + 10*q - 9. What is w(i)?
7
Let v(x) = x**3 - 7*x**2 - 8*x. Let p = 1 + 7. Determine v(p).
0
Let s(j) = -4*j**3 - j**2 + 5*j + 7. Let n(k) = -k**3 + k**2 + 1. Let c(p) = 5*n(p) - s(p). Determine c(4).
10
Let a(f) = f**3 + 3*f**2 + f - 3. Let v be 6/(0 - -3) + -53. Let p be (-4)/(-10) + v/15. Give a(p).
-6
Suppose -5*v + 18 - 3 = 0. Let f(i) = -5*i + 4. Give f(v).
-11
Let o(c) = -4*c - 4 + 1 + 1 - 1. Let g(n) = -n - 1. Let u(s) = 10*g(s) - 2*o(s). What is u(-3)?
2
Let k(v) be the third derivative of -3*v**2 + 2/3*v**3 + 0 + 1/8*v**4 + 0*v. What is k(4)?
16
Let t(f) = f**2 + 4*f - 5. Suppose 10 = 2*o, 2*b + 2*o - 15 = -1. Suppose -y + b*x = -4, x = -5*y + 6*x. Give t(y).
-5
Let q(f) = f**2 + 2*f - 5. Let w(x) = x**2 + 3*x - 5. Let p(h) = -5*q(h) + 4*w(h). Let g = -79 - -83. Calculate p(g).
-3
Let h(a) be the second derivative of a**5/20 - a**4/3 + a**3/6 - 3*a**2/2 + a. Let w = 5 + 13. Suppose u + 5*r - 2*r = w, 4*r - 14 = 2*u. Determine h(u).
-9
Let n(r) = r**3 + r**2 - 3*r + 3. Let g(o) = 2*o**3 + 3*o**2 - 5*o + 5. Let i(c) = -3*g(c) + 5*n(c). Give i(-4).
0
Let c(n) = -5*n**2 - n + 10. Let t(r) = -r**2 - r + 1. Let q(b) = -c(b) + 6*t(b). Determine q(-6).
-10
Let y(l) = -l**3 + 3*l**2 - 4. Suppose g = 1 + 2. Let d be y(g). Let x(o) = o + 6 - 4 + 5. What is x(d)?
3
Suppose -4*m = -2 - 18. Suppose -4*d + r + r - 2 = 0, -m*r = -d - 14. Let u(h) = -4 - 4*h + h - d. Give u(-4).
7
Let b(q) = -3*q - 44. Let n be b(-16). Let r(u) = -u**3 + 4*u**2 + 2*u - 5. Give r(n).
3
Let x(c) be the first derivative of -c**5/20 + 5*c**4/12 - c**3 + 3*c**2 - 9*c - 6. Let p(z) be the first derivative of x(z). Give p(4).
-2
Let m(i) = 3*i**2 + 2*i - 5*i**2 - 3 - 2*i**3 + 3*i**3. Let w be (1 + 5 - 3) + 2. Suppose -q - 20 = -w*y - 3*q, -3*q = -15. Give m(y).
1
Let m(b) be the third derivative of b**7/5040 + b**5/30 - b**2. Let k(n) be the third derivative of m(n). Let y = -29 + 34. Calculate k(y).
5
Let b(w) be the second derivative of -w**6/360 - w**4/3 + 4*w. Let c(s) be 